x**4/4 - 4*x**3/3 + 11*x**2/2 + 5*x - 2. Let k be a(-7). List the prime factors of (32/20)/(6/k).
2, 5
Let r = 6935 + -2892. What are the prime factors of r?
13, 311
Let x = 2487 + -1351. List the prime factors of x.
2, 71
Let y = 14 + -47. Let m = y + 93. What are the prime factors of m?
2, 3, 5
List the prime factors of ((-3692)/10)/((-9)/45).
2, 13, 71
Let t(r) be the first derivative of 3*r**4/4 + 3*r**2/2 - 2*r + 3. What are the prime factors of t(3)?
2, 11
Suppose -5*h + 14 = -3*h. Let a be (h - 3)*38/8. Let t = a + 6. List the prime factors of t.
5
Let b(g) = -11*g. Let s be b(-3). Let z be -3*8*(12 + -3)/(-27). Suppose s = k + z. List the prime factors of k.
5
Let r be (-3)/(-5) + 5 + 741/15. Let g = 132 - r. What are the prime factors of g?
7, 11
Suppose -8 = 2*g, 0 = 2*q + q - g - 19. Suppose -q*k = 10, -k = -4*i + 2 - 4. List the prime factors of 25 + -2 - (4 + i).
2, 5
Let n = -163 - -168. Suppose -n*y = -p - 9*y + 318, 5*p = -5*y + 1575. List the prime factors of p.
2, 157
Suppose -g + 84 = 3*g. Let f be -10*g*22/(-44). Suppose 2*c - f = -3*c. What are the prime factors of c?
3, 7
Let n be ((-14)/4)/((-2)/4). Suppose d = -1, -2*s = -n*s + 4*d + 149. What are the prime factors of s?
29
Suppose 0 = -3*g - 14*r + 13*r + 989, 2*r = -4*g + 1322. List the prime factors of g.
2, 41
List the prime factors of (2 + 77)/(-4 + 74/18).
3, 79
Suppose -6 = -62*q + 59*q. Suppose 3*d = -3*s + 588, -q*s = -d - 16 - 391. What are the prime factors of s?
3, 67
Let x be 1/(-1*(3 - 2)). List the prime factors of 6/3*x - -17.
3, 5
Suppose 2*c = 3*c + 7. Suppose 5*m + 8 = 4*k - 66, -m - 2 = 0. Let w = c + k. What are the prime factors of w?
3
Let g = 3440 + -897. List the prime factors of g.
2543
Let d(b) = -b**3 - 7*b**2 + 29*b - 13. List the prime factors of d(-13).
2, 3, 13
Let n(q) = -53*q - 5. Let m be n(1). Let x be 83 - (0 - (2 + -3)). Let l = x + m. What are the prime factors of l?
2, 3
Suppose t - 3*t = 0. Let i be t*(0 + -1 + 2). What are the prime factors of (-9)/9*(i - 8)?
2
Let w = -20 + 39. Suppose -16 + w = h. Let b = h + 3. List the prime factors of b.
2, 3
Suppose 0*g - 3*g + 8232 = -3*v, -4*v = -16. List the prime factors of g.
2, 3, 229
Let h(o) = -2*o**3 - 7*o**2 - 10*o + 13. List the prime factors of h(-6).
11, 23
Suppose 0*w - w = -2*m - 5, 3*w = 3*m + 12. Suppose -w*x + 2*x - 3 = 0. List the prime factors of (x - -43)*6/8.
2, 3, 5
Let m be 18 + (12 + 0)/(-4). Let k = m + 13. List the prime factors of k.
2, 7
Let d = 19 - 18. Let s be -1 - (-32 + (d - 3)). Let a = -19 + s. What are the prime factors of a?
2, 7
Let m(n) = -n**3 + 14*n**2 - 30. Let j be m(13). Suppose -7*y + j = -2*y - 4*w, -8 = -2*w. List the prime factors of y.
31
Suppose 0 = 10*l - 2*l - 56. Suppose -2*a + l*a = 340. What are the prime factors of a?
2, 17
Let s(q) = 22*q**2 - 4*q + 1. What are the prime factors of s(-2)?
97
Let l(v) be the third derivative of -v**5/60 + 3*v**4/8 - v**3 - 44*v**2. Let z = 7 + -3. List the prime factors of l(z).
2, 7
Let w(j) = -j**2 + 5*j - 1. Let v be w(4). Suppose 2*h + v*h - 150 = 0. What are the prime factors of h?
2, 3, 5
Suppose g = -3*g + 8. Suppose -m + g*s + 8 = -3*s, 5*s + 10 = 0. List the prime factors of m + 30 + (-3 - 0).
5
Let w = -76 + -29. Let z = w - -281. List the prime factors of z.
2, 11
Let r be (42 - 6)/((-2)/4). Let z = 152 + r. What are the prime factors of z?
2, 5
Suppose -f + 3*x + 16 = 0, x = f - 0*x - 12. Let n be f/55 - 1074/(-22). Let v = n - 19. List the prime factors of v.
2, 3, 5
List the prime factors of -414*16*(-9)/54.
2, 3, 23
Suppose 0 = 4*p - 4*u - 16, 3*p - 10 = -2*u + 4*u. Let b(f) = 1 + f**p + 13 - 9*f - f. What are the prime factors of b(12)?
2, 19
Let w(r) = r**2 + 2*r - 2. Let g be w(-2). List the prime factors of 93 - (g - -2)/(-3).
3, 31
Let p(v) = 11*v - 9. Let f(q) = -q**3 - 5*q**2 - q + 5. Let l be f(-5). Let g be p(l). Let o = -30 + g. List the prime factors of o.
71
Let d(j) = 10*j - 30. Suppose -17*u = -19*u + 10. What are the prime factors of d(u)?
2, 5
Let w be ((-9)/12)/((-4)/(-112)). List the prime factors of ((-276)/(-42))/((-3)/w).
2, 23
Let w(d) = d**3 + 15*d**2 + d + 9. Let r be w(-15). List the prime factors of (71 + 2)*(-2 - (r - -3)).
73
Suppose -20 = -6*u - 8. Suppose -u*m = m + c - 175, -240 = -4*m - 3*c. List the prime factors of m.
3, 19
Let p = 20 - 26. What are the prime factors of (-516)/(-8) + 3/p?
2
Let t = -12 + 4. Let v be 488/32 + (-6)/(-8). List the prime factors of 252/v + 6/t.
3, 5
Suppose 2*m - 16 = -32. List the prime factors of 18/12 + 2/(m/(-638)).
7, 23
Let j(t) be the third derivative of -7*t**4/8 + t**3 + 12*t**2. List the prime factors of j(-3).
3, 23
Suppose 1013 = 5*a - 0*g - g, 5*a = 5*g + 1005. Let c = 437 - a. What are the prime factors of c?
2, 3, 13
Let f(b) be the third derivative of b**5/60 - b**4/6 + b**3 + 4*b**2. Let c be f(4). Suppose -c*o + 45 = -195. List the prime factors of o.
2, 5
Suppose 5*g + u = -0*u + 31, -3*g - u = -19. Suppose r + 235 = g*r. Suppose 3*s - r = 19. What are the prime factors of s?
2, 11
Suppose -25*r + 109 = -24*r. Suppose -5*u - 3*d = -r, d = 2*d + 2. List the prime factors of u.
23
Let w(z) = -z**2 - z + 53. Suppose -2*j - 3*j = 0. List the prime factors of w(j).
53
Let d = -579 - -1771. List the prime factors of d.
2, 149
Let z(l) = 6*l**3 + 2*l**2 + l - 2. Let x be z(1). Suppose -x*v + 344 + 384 = 0. What are the prime factors of v?
2, 13
Suppose c + 2*i = -3*i - 13, 23 = 4*c - 5*i. Suppose c*y = -l + 112, -y = -l - 80 + 24. List the prime factors of y.
2, 7
Suppose -5*m - 2*n + 1575 = 3*n, 4*m - 1248 = 2*n. List the prime factors of m.
313
Let l(p) = p**3 + 17*p**2 - 9*p - 4. Let q be (51/12)/((-4)/16). List the prime factors of l(q).
149
Suppose 4287*d = 4285*d + 3590. What are the prime factors of d?
5, 359
Suppose 5*h - 3*a = 2529, -2*a = -0 + 6. What are the prime factors of h?
2, 3, 7
Let v(b) = -b**3 - 10*b**2 - 3*b + 3. Let q be v(-10). Suppose 0*d + d = q. List the prime factors of d.
3, 11
Let x(f) = f**2 + 16*f - 28. Let v(s) = -s**2 + s - 1. Let t(m) = -6*v(m) + x(m). List the prime factors of t(5).
7, 29
Let l(q) = 13*q**2 - 29*q + 24. What are the prime factors of l(7)?
2, 229
Let m(j) = 12 - 4*j + 0*j + 78 + 29*j. List the prime factors of m(6).
2, 3, 5
Suppose -42*v - 81 = -45*v. Suppose 4*b = 5*p + 213, -5*p = -3*b - 10 + 171. Let z = b - v. List the prime factors of z.
5
Let o = 27 - 18. Let q(u) = -u**2 + 12*u + 5. Let s be q(o). Suppose -33 = -2*j + 3*d + s, 0 = 5*d - 15. List the prime factors of j.
37
Suppose 3*z - 5418 = -3*w, -56*w = -52*w + z - 7236. What are the prime factors of w?
2, 5, 181
Let p = -80 + 107. Suppose -618 = -p*s + 24*s. List the prime factors of s.
2, 103
Suppose 11*v - 14419 = 4413. List the prime factors of v.
2, 107
Let c be (-1)/(2*4/(-80)). Suppose 140 = c*b - 9*b. What are the prime factors of b?
2, 5, 7
List the prime factors of (-2)/19 - (1561376/(-304) + -9).
3, 5, 7
Let x(c) = c**2 - c - 4. Let s be x(3). Suppose -w + 11 = s*j, j - 2*w = -w + 4. Suppose -b + j*b - 76 = 0. What are the prime factors of b?
19
Suppose -k = -2*k + 5. Suppose 2*c + 2*t - 1 + 5 = 0, -25 = k*t. Suppose -5*o = 2*s - 54, 0*o = c*o + 4*s - 24. What are the prime factors of o?
2, 3
Let z = 64 - -107. Let w be z/(-2)*6/(-9). Let a = 102 - w. List the prime factors of a.
3, 5
Suppose -29*p + 43293 = -32774. List the prime factors of p.
43, 61
Let n(i) = 10*i + 223. What are the prime factors of n(11)?
3, 37
Suppose -3*g + 15 = 0, 2*v + 3*v = -g + 780. Let u(p) = -p**2 - 7*p + 2. Let o be u(-7). Suppose -o*l - v = -7*l. What are the prime factors of l?
31
Let c be 1 - 6/((-3)/1). Suppose -c*b = -0*b + 18. List the prime factors of -4 + (-74)/(b + 4).
3, 11
Let b = -9 - -13. Let g(y) = y**2 + 28*y + 47. Let c be g(-27). Let v = c + b. List the prime factors of v.
2, 3
Suppose 0 = g + 1 + 4. Let q(x) be the first derivative of -4*x**2 - 12*x - 4. List the prime factors of q(g).
2, 7
Let a = 10 - 1. What are the prime factors of (-12)/(4/((-24)/a))?
2
Let x be 3/(-2)*8/(-6). Suppose -11*s = 8 - 85. Suppose -p - s = -x*p. What are the prime factors of p?
7
Suppose 8 = -4*y - 8. Let c be 5/((-40)/(-28))*-4. List the prime factors of (c/6)/(y/24).
2, 7
Suppose 215 = 7*j - 303. Suppos